se 5*g = 4*g - 4*o - 9, -5*g + 80 = -5*o. Calculate the remainder when p(g) is divided by ((-3)/(-9))/((-1)/(-39)).
12
Let s(o) be the third derivative of 3*o**4/8 - o**3/6 + 2*o**2. Calculate the remainder when s(4) is divided by 12.
11
What is the remainder when 18 is divided by (5/3)/((-12)/(-72))?
8
Suppose 4*w = 3*k - 37, -5*k - 2*w + 24 = -3. Suppose -4*y - k + 23 = 0. Calculate the remainder when 18 is divided by y.
2
Suppose 3*y - 43 = -5*z + 4*z, 0 = 3*y - 5*z - 73. Calculate the remainder when 47 is divided by y.
15
Let b(y) be the second derivative of y**3/3 + 2*y**2 + 3*y. What is the remainder when 51 is divided by b(7)?
15
Let a = 65 - 41. Suppose -4*s = -16 - a. Calculate the remainder when 28 is divided by s.
8
Calculate the remainder when 36 is divided by 20/30 - 37/(-3).
10
Let i(a) = 7*a**3 + 3*a**2 - 4*a + 2. Calculate the remainder when 13 is divided by i(1).
5
What is the remainder when 50 is divided by (-6)/24 - 105/(-4)?
24
Suppose -q + 2*q - 6 = 0. Suppose -5*y = -2*y - q. Let n = y - -7. Calculate the remainder when n is divided by 5.
4
Let u(l) = 3*l**2 + 3*l - 3. Let x = 96 - 87. Calculate the remainder when u(3) is divided by x.
6
Suppose 0 = -0*i + 3*i + 6. Let m be (-410)/(-18) + i/(-9). Suppose -2*n - m = 2*h + 3*h, -2*h - 12 = -2*n. Calculate the remainder when n is divided by 1.
0
Let l = 35 + -16. What is the remainder when 2/4 - 218/(-4) is divided by l?
17
Suppose 3*x - 310 = -5*t, -4*x = 2*t - 68 - 56. What is the remainder when t is divided by 21?
20
Let f = -43 + 150. Calculate the remainder when f is divided by 22.
19
Suppose -4*p + 2*k + 26 = -0*k, -15 = -5*k. Let u = 15 - p. Calculate the remainder when 22 is divided by -1 + u - -1*2.
6
Let n = -8 - -2. Let d(h) be the second derivative of -h**4/12 - 4*h**3/3 - h**2/2 - 6*h. What is the remainder when d(n) is divided by 6?
5
Let p(j) = -j**2 - 9*j - 10. Let l be p(-7). Suppose 0 = -l*o - o + 80. Calculate the remainder when 61 is divided by o.
13
Suppose b + c = -3*b + 7, 0 = b + 2*c. Suppose 14 = b*m - 8. Calculate the remainder when m is divided by 4.
3
Let s = 21 + 21. Calculate the remainder when s is divided by 11*(-3 + (-10)/(-2)).
20
Let g be 3 - (-2 + 1 - -1). Suppose g*f - 57 = 21. Calculate the remainder when f is divided by 14.
12
What is the remainder when 28/(-6)*(-15 + 3) is divided by 18?
2
Let o(w) = 19*w**2 - 1. Let a be o(-1). Let n = -4 + a. What is the remainder when n is divided by 5?
4
What is the remainder when 30 is divided by (-28)/(-5) - (-28)/70?
0
Let g(s) = -s - 1. Let l be g(-6). Let c(k) = -14*k + 4. Let z(m) = m - 1. Let w(f) = -c(f) - 10*z(f). What is the remainder when w(l) is divided by 9?
8
Let z(r) = r**3 - 18*r**2 + 23*r - 20. What is the remainder when z(17) is divided by 22?
16
Let p = -2 - -3. Suppose -2*t + 1 = -1. Calculate the remainder when p is divided by t.
0
Let i = 7 + -5. Let n = 0 + i. Suppose -n*w + 16 = 5*p, -3*w + 28 = 5*p + 9. What is the remainder when 3 is divided by p?
1
Let l = 6 + -2. Suppose 2*t + c - 29 = -l*c, -4 = 4*c. What is the remainder when 33 is divided by t?
16
Let t = 48 - 34. What is the remainder when 34 is divided by t?
6
Let r = -29 + 46. Calculate the remainder when 33 is divided by r.
16
Let p(b) = b**2 + 9*b - 10. Calculate the remainder when 34 is divided by p(-11).
10
What is the remainder when 113 is divided by (-12)/(-72) - ((-262)/12 - 1)?
21
Calculate the remainder when 58 is divided by (42/(-3) + 4)*-2.
18
Let y be (3 - 0)*4/6. Suppose y*v - 12 = v. Suppose -22 = -s + 1. Calculate the remainder when s is divided by v.
11
Suppose z = 3*h - 308, 117 + 287 = 4*h + 2*z. What is the remainder when h is divided by 13?
11
Let p(x) = -x**3 - 5*x**2 + 11*x + 9. Let l be p(-7). Suppose -4*f - l = -110. What is the remainder when 78 is divided by f?
18
Suppose 0 = r - 3*r + 46. What is the remainder when r is divided by 5?
3
Suppose 4*m = 2*c + 14, c + 9 = 3*m - c. Suppose -w + 8 - 40 = 5*g, 4*w - 4 = 2*g. Let y = m - g. Calculate the remainder when 31 is divided by y.
9
Let r = 64 - 41. Suppose -2*h = -3*y - 5*h + 6, 4*y + 22 = 2*h. Calculate the remainder when (-64 + y)/((-1)/1) is divided by r.
21
Suppose t + 53 = 5*u, 0*u + u - 25 = 5*t. Calculate the remainder when 18 is divided by u.
8
Suppose 3*l + 48 = -5*p, -l = -4*l + 3*p - 72. Let g = 64 + l. Calculate the remainder when g is divided by (-1 + 6)/((-2)/(-6)).
13
Suppose 329 = 4*s + 37. Calculate the remainder when s is divided by 15.
13
Let j be (-10)/(2/((-6)/(-3))). Let c(u) = -u**2 - 10*u + 8. Suppose 0 = -3*r + 7 + 2. What is the remainder when c(j) is divided by r?
2
Let f be (-4)/6 + (-104)/(-12). Let j(t) = -1 + t - f + 5*t. Calculate the remainder when j(8) is divided by 20.
19
Let l = -52 + 97. What is the remainder when l is divided by (3 + -2)*(-24)/(-2)?
9
Let n = 9 + 1. What is the remainder when ((-156)/(-14))/((-84)/(-294)) is divided by n?
9
Suppose -4*q + 12 = -4*s, 4*q - 17 - 4 = -5*s. Suppose -8*v = -q*v - 56. What is the remainder when v is divided by 5?
4
Let r(w) = w**3 - 6*w**2 - 7*w + 7. Calculate the remainder when 13 is divided by r(7).
6
Let r = 91 + -38. What is the remainder when r is divided by 14?
11
Let l = -11 + 10. Calculate the remainder when ((-3)/(-2))/l*-10 is divided by 9.
6
Let f(v) = 69*v**3 + v**2 - 1. Calculate the remainder when f(1) is divided by 18.
15
Suppose -u = -6*u + 25. Let f = -73 - -126. What is the remainder when f is divided by (-3)/(-1)*(u - -1)?
17
Suppose -4*m - 10 = -122. Let s(t) = t**3 + 4*t**2 - 6*t + 5. What is the remainder when m is divided by s(-5)?
8
Suppose -2*j + 49 = 5*i, 3*j + 3*i + 25 = 5*j. Suppose 20 - 3 = -f. Let x = f + 49. What is the remainder when x is divided by j?
15
Calculate the remainder when (-58)/(-4) + -2 + (-4)/8 is divided by 8.
4
Let q(u) = u**3 + 31*u**2 + u + 57. What is the remainder when 91 is divided by q(-31)?
13
Let j(a) = -a**3 - 3*a**2 + a - 1. Calculate the remainder when (2 + (-11)/(-4))*4 is divided by j(-4).
8
What is the remainder when 19 is divided by 8/(-76) - (-384)/38?
9
Let t be 5/3 + 4/(-6). Let x be 0/(5 + -2 - t). Let q = x + 2. What is the remainder when q is divided by 1?
0
What is the remainder when ((-19)/2)/((-6)/12) is divided by 5?
4
Calculate the remainder when (-268)/(-6) + 16/48 is divided by 12.
9
Let j(g) = 2*g + 10. Let w be j(-7). Calculate the remainder when w/2 - -1*10 is divided by 5.
3
Let p(d) = d - 4. Let s be p(4). Let x = 2 - s. Calculate the remainder when x is divided by 2.
0
Let a be 794/14 - 8/(-28). Let l = -41 + a. Calculate the remainder when 47 is divided by l.
15
What is the remainder when 41 is divided by (2 - 52/(-6)) + (-28)/(-84)?
8
Let y = 23 + -24. Let n(l) = 2*l**2 - 2*l - 1. Calculate the remainder when 3 is divided by n(y).
0
Suppose 5*j - 48 - 7 = 0. Calculate the remainder when j is divided by 6.
5
What is the remainder when 16 is divided by 8 + -2*(-1)/2?
7
Let s = -22 + 38. Calculate the remainder when s is divided by 6.
4
Let h be -4 - -1 - (-2 - 0). Let r = 7 - 0. What is the remainder when ((-1)/h)/(3/57) is divided by r?
5
Let s(a) = a + 1. Let g be s(1). Let u = 24 - 2. What is the remainder when u is divided by g/(-4)*-14 + 1?
6
Suppose 86 = -18*b + 464. Let z = -6 - -87. Calculate the remainder when z is divided by b.
18
Suppose 31 + 2 = 3*a. What is the remainder when 21 is divided by a?
10
Suppose 0 = 3*a - 5*a + 366. Calculate the remainder when a is divided by 23.
22
Suppose -5*t + 85 = 5*r, -2*t - 4 + 52 = 3*r. Suppose 5 = -3*y + r. Let j(v) = 4*v. What is the remainder when 34 is divided by j(y)?
10
What is the remainder when (1 - (-40)/(-2))/(-1) is divided by 10?
9
Suppose -3*k - 7 + 25 = 2*f, 4*k - f = 13. Suppose -m = k*d - 15, 2*m + 4*d = -0*m + 34. What is the remainder when m is divided by 10?
9
Let f(i) = 7*i + 2. Suppose 3*j - 30 = -12. Calculate the remainder when f(2) is divided by j.
4
Let v(k) = 10*k**2 - 3*k. Let a be v(2). Suppose 6 - a = -2*o. Calculate the remainder when (-2 - -10)*(-13)/(-4) is divided by o.
12
Let x = 4 - -37. What is the remainder when x is divided by 22?
19
Let z(n) = -60*n + 8. Let f be z(6). Let c = f - -493. Suppose 5*w - b - 3*b = 217, -3*w = 3*b - c. Calculate the remainder when w is divided by 12.
9
Let